{"id":4496,"date":"2024-04-23T02:20:10","date_gmt":"2024-04-23T05:20:10","guid":{"rendered":"https:\/\/iescapayanch-cat.infd.edu.ar\/sitio\/?page_id=4496"},"modified":"2024-05-06T22:32:38","modified_gmt":"2024-05-07T01:32:38","slug":"tecnicatura-superior-en-turismo-2","status":"publish","type":"page","link":"https:\/\/iescapayanch-cat.infd.edu.ar\/sitio\/tecnicatura-superior-en-turismo-2\/","title":{"rendered":"Tecnicatura Superior en Turismo"},"content":{"rendered":"\n<div style=\"height:20px\" aria-hidden=\"true\" class=\"wp-block-spacer\"><\/div>\n\n\n\n<p class=\"has-text-align-center\"><a href=\"https:\/\/iescapayanch-cat.infd.edu.ar\/sitio\/wp-content\/uploads\/2024\/04\/informaticaAplicada.png\" data-type=\"URL\" data-id=\"https:\/\/iescapayanch-cat.infd.edu.ar\/sitio\/wp-content\/uploads\/2024\/04\/informaticaAplicada.png\">Inform\u00e1tica Aplicada<\/a><\/p>\n\n\n\n<p class=\"has-text-align-center\"><a href=\"https:\/\/iescapayanch-cat.infd.edu.ar\/sitio\/wp-content\/uploads\/2024\/04\/inglesIITurismo-1-rotated.jpeg\" data-type=\"URL\" data-id=\"https:\/\/iescapayanch-cat.infd.edu.ar\/sitio\/wp-content\/uploads\/2024\/04\/inglesIITurismo-1-rotated.jpeg\">Ingles II<\/a><\/p>\n\n\n\n<p class=\"has-text-align-center\"><a href=\"https:\/\/iescapayanch-cat.infd.edu.ar\/sitio\/wp-content\/uploads\/2024\/04\/formulacionEjecucionEvaluacionProyect.png\" data-type=\"URL\" data-id=\"https:\/\/iescapayanch-cat.infd.edu.ar\/sitio\/wp-content\/uploads\/2024\/04\/formulacionEjecucionEvaluacionProyect.png\" target=\"_blank\" rel=\"noreferrer noopener\">Formulaci\u00f3n, Ejecuci\u00f3n y Evaluaci\u00f3n de Proyectos<\/a><\/p>\n\n\n\n<p class=\"has-text-align-center\"><a href=\"https:\/\/iescapayanch-cat.infd.edu.ar\/sitio\/wp-content\/uploads\/2024\/04\/programacionCircuitoTuristicosLocalesRegNac.png\" data-type=\"URL\" data-id=\"https:\/\/iescapayanch-cat.infd.edu.ar\/sitio\/wp-content\/uploads\/2024\/04\/programacionCircuitoTuristicosLocalesRegNac.png\" target=\"_blank\" rel=\"noreferrer noopener\">Programaci\u00f3n de Circuitos Tur\u00edsticos Locales, Regionales y Nacionales<\/a><\/p>\n\n\n\n<p class=\"has-text-align-center\"><a href=\"https:\/\/iescapayanch-cat.infd.edu.ar\/sitio\/wp-content\/uploads\/2024\/04\/geografiaTuristicaArgentinaAmeriTurismo.png\" data-type=\"URL\" data-id=\"https:\/\/iescapayanch-cat.infd.edu.ar\/sitio\/wp-content\/uploads\/2024\/04\/geografiaTuristicaArgentinaAmeriTurismo.png\" target=\"_blank\" rel=\"noreferrer noopener\">Geograf\u00eda Tur\u00edstica Argentina y Americana<\/a><\/p>\n\n\n\n<p class=\"has-text-align-center\"><a href=\"https:\/\/iescapayanch-cat.infd.edu.ar\/sitio\/wp-content\/uploads\/2024\/04\/practicaProfesionalizanteIITurismo.png\" data-type=\"URL\" data-id=\"https:\/\/iescapayanch-cat.infd.edu.ar\/sitio\/wp-content\/uploads\/2024\/04\/practicaProfesionalizanteIITurismo.png\" target=\"_blank\" rel=\"noreferrer noopener\">Practica Profesionalizante II<\/a><\/p>\n\n\n\n<p class=\"has-text-align-center\"><a href=\"https:\/\/iescapayanch-cat.infd.edu.ar\/sitio\/wp-content\/uploads\/2024\/04\/serviciosTuristicos.png\" data-type=\"URL\" data-id=\"https:\/\/iescapayanch-cat.infd.edu.ar\/sitio\/wp-content\/uploads\/2024\/04\/serviciosTuristicos.png\" target=\"_blank\" rel=\"noreferrer noopener\">Servicios Tur\u00edsticos<\/a><\/p>\n\n\n\n<p class=\"has-text-align-center\"><a href=\"https:\/\/iescapayanch-cat.infd.edu.ar\/sitio\/wp-content\/uploads\/2024\/04\/patrimonioCulturalArgAmerTuris.png\" data-type=\"URL\" data-id=\"https:\/\/iescapayanch-cat.infd.edu.ar\/sitio\/wp-content\/uploads\/2024\/04\/patrimonioCulturalArgAmerTuris.png\" target=\"_blank\" rel=\"noreferrer noopener\">Patrimonio Cultural Tur\u00edstico de Argentina y Americana<\/a><\/p>\n\n\n\n<p class=\"has-text-align-center\"><a href=\"https:\/\/iescapayanch-cat.infd.edu.ar\/sitio\/wp-content\/uploads\/2024\/05\/comercializacionMarketingTurismo-rotated.jpeg\" data-type=\"URL\" data-id=\"https:\/\/iescapayanch-cat.infd.edu.ar\/sitio\/wp-content\/uploads\/2024\/05\/comercializacionMarketingTurismo-rotated.jpeg\" target=\"_blank\" rel=\"noreferrer noopener\">Comercializaci\u00f3n y Marketing<\/a><\/p>\n\n\n\n<p class=\"has-text-align-center\"><a href=\"https:\/\/iescapayanch-cat.infd.edu.ar\/sitio\/wp-content\/uploads\/2024\/05\/gestionDesarrolloTerritTurismo-rotated.jpeg\" data-type=\"URL\" data-id=\"https:\/\/iescapayanch-cat.infd.edu.ar\/sitio\/wp-content\/uploads\/2024\/05\/gestionDesarrolloTerritTurismo-rotated.jpeg\" target=\"_blank\" rel=\"noreferrer noopener\">Gesti\u00f3n y Desarrollo Territorial<\/a><\/p>\n","protected":false},"excerpt":{"rendered":"<p>Inform\u00e1tica Aplicada Ingles II Formulaci\u00f3n, Ejecuci\u00f3n y Evaluaci\u00f3n de Proyectos Programaci\u00f3n de Circuitos Tur\u00edsticos Locales, Regionales y Nacionales Geograf\u00eda Tur\u00edstica Argentina y Americana Practica Profesionalizante II Servicios Tur\u00edsticos Patrimonio Cultural Tur\u00edstico de Argentina y Americana Comercializaci\u00f3n y Marketing Gesti\u00f3n y Desarrollo Territorial<\/p>\n","protected":false},"author":1060,"featured_media":0,"parent":0,"menu_order":0,"comment_status":"closed","ping_status":"closed","template":"","meta":[],"acf":[],"_links":{"self":[{"href":"https:\/\/iescapayanch-cat.infd.edu.ar\/sitio\/wp-json\/wp\/v2\/pages\/4496"}],"collection":[{"href":"https:\/\/iescapayanch-cat.infd.edu.ar\/sitio\/wp-json\/wp\/v2\/pages"}],"about":[{"href":"https:\/\/iescapayanch-cat.infd.edu.ar\/sitio\/wp-json\/wp\/v2\/types\/page"}],"author":[{"embeddable":true,"href":"https:\/\/iescapayanch-cat.infd.edu.ar\/sitio\/wp-json\/wp\/v2\/users\/1060"}],"replies":[{"embeddable":true,"href":"https:\/\/iescapayanch-cat.infd.edu.ar\/sitio\/wp-json\/wp\/v2\/comments?post=4496"}],"version-history":[{"count":4,"href":"https:\/\/iescapayanch-cat.infd.edu.ar\/sitio\/wp-json\/wp\/v2\/pages\/4496\/revisions"}],"predecessor-version":[{"id":4582,"href":"https:\/\/iescapayanch-cat.infd.edu.ar\/sitio\/wp-json\/wp\/v2\/pages\/4496\/revisions\/4582"}],"wp:attachment":[{"href":"https:\/\/iescapayanch-cat.infd.edu.ar\/sitio\/wp-json\/wp\/v2\/media?parent=4496"}],"curies":[{"name":"wp","href":"https:\/\/api.w.org\/{rel}","templated":true}]}}