{"id":4360,"date":"2024-04-18T02:20:15","date_gmt":"2024-04-18T05:20:15","guid":{"rendered":"https:\/\/iescapayanch-cat.infd.edu.ar\/sitio\/?page_id=4360"},"modified":"2024-04-22T12:58:32","modified_gmt":"2024-04-22T15:58:32","slug":"tecnicatura-superior-en-laboratorio-de-analisis-clinico","status":"publish","type":"page","link":"https:\/\/iescapayanch-cat.infd.edu.ar\/sitio\/tecnicatura-superior-en-laboratorio-de-analisis-clinico\/","title":{"rendered":"Tecnicatura Superior en Laboratorio de An\u00e1lisis Cl\u00ednico"},"content":{"rendered":"\n<p><a href=\"https:\/\/iescapayanch-cat.infd.edu.ar\/sitio\/wp-content\/uploads\/2024\/04\/comunicacionTIC-rotated.jpeg\" data-type=\"URL\" data-id=\"https:\/\/iescapayanch-cat.infd.edu.ar\/sitio\/wp-content\/uploads\/2024\/04\/comunicacionTIC-rotated.jpeg\" target=\"_blank\" rel=\"noreferrer noopener\">Comunicaci\u00f3n y TIC<\/a> &#8211; Entrevista presencial, el d\u00eda lunes 22\/04, a las 16:30 hs. Anexo Huillapima<\/p>\n\n\n\n<p><a rel=\"noreferrer noopener\" href=\"https:\/\/iescapayanch-cat.infd.edu.ar\/sitio\/wp-content\/uploads\/2024\/04\/primerosAuxiliosRect.png\" data-type=\"URL\" data-id=\"https:\/\/iescapayanch-cat.infd.edu.ar\/sitio\/wp-content\/uploads\/2024\/04\/primerosAuxiliosRect.png\" target=\"_blank\">Primeros Auxilios<\/a> &#8211; Entrevista presencial, el d\u00eda miercoles 24\/04, a las 19:00 hs. Escuela N\u00b0 179 \u2013 Chumbicha  <strong>LOM Rectificado<\/strong><\/p>\n\n\n\n<p><a rel=\"noreferrer noopener\" href=\"https:\/\/iescapayanch-cat.infd.edu.ar\/sitio\/wp-content\/uploads\/2024\/04\/bacteriologiaPreparacionMaterialesAnalisis.png\" data-type=\"URL\" data-id=\"https:\/\/iescapayanch-cat.infd.edu.ar\/sitio\/wp-content\/uploads\/2024\/04\/bacteriologiaPreparacionMaterialesAnalisis.png\" target=\"_blank\">Bacteriolog\u00eda y Preparaci\u00f3n de Materiales<\/a> &#8211; Entrevista presencial, el d\u00eda miercoles 24\/04, a las 19:00 hs. Escuela N\u00b0 179 \u2013 Chumbicha<\/p>\n\n\n\n<p><a rel=\"noreferrer noopener\" href=\"https:\/\/iescapayanch-cat.infd.edu.ar\/sitio\/wp-content\/uploads\/2024\/04\/organizacionGestionOrganizacionesSalud-rotated.jpeg\" data-type=\"URL\" data-id=\"https:\/\/iescapayanch-cat.infd.edu.ar\/sitio\/wp-content\/uploads\/2024\/04\/organizacionGestionOrganizacionesSalud-rotated.jpeg\" target=\"_blank\">Organizaci\u00f3n y Gesti\u00f3n de las Organizaciones de Salud<\/a> &#8211; Entrevista presencial, el d\u00eda martes 23\/04, a las 19:00 hs. Escuela N\u00b0 179 \u2013 Chumbicha<\/p>\n\n\n\n<p><a rel=\"noreferrer noopener\" href=\"https:\/\/iescapayanch-cat.infd.edu.ar\/sitio\/wp-content\/uploads\/2024\/04\/inmunologiaAnalisis.png\" data-type=\"URL\" data-id=\"https:\/\/iescapayanch-cat.infd.edu.ar\/sitio\/wp-content\/uploads\/2024\/04\/inmunologiaAnalisis.png\" target=\"_blank\">Inmunolog\u00eda<\/a> &#8211; Entrevista presencial, el d\u00eda martes 23\/04, a las 19:00 hs. Escuela N\u00b0 179 \u2013 Chumbicha<\/p>\n\n\n\n<p><a rel=\"noreferrer noopener\" href=\"https:\/\/iescapayanch-cat.infd.edu.ar\/sitio\/wp-content\/uploads\/2024\/04\/biologiaGeneticaAnalisis.png\" data-type=\"URL\" data-id=\"https:\/\/iescapayanch-cat.infd.edu.ar\/sitio\/wp-content\/uploads\/2024\/04\/biologiaGeneticaAnalisis.png\" target=\"_blank\">Biolog\u00eda y Gen\u00e9tica<\/a> &#8211; Entrevista presencial, el d\u00eda miercoles 24\/04, a las 19:00 hs. Escuela N\u00b0 179 \u2013 Chumbicha<\/p>\n\n\n\n<p><a rel=\"noreferrer noopener\" href=\"https:\/\/iescapayanch-cat.infd.edu.ar\/sitio\/wp-content\/uploads\/2024\/04\/procedimientosEspecificos.png\" data-type=\"URL\" data-id=\"https:\/\/iescapayanch-cat.infd.edu.ar\/sitio\/wp-content\/uploads\/2024\/04\/procedimientosEspecificos.png\" target=\"_blank\">Procedimientos Espec\u00edficos (obtenci\u00f3n de muestras)<\/a> &#8211; Entrevista presencial, el d\u00eda martes 23\/04, a las 19:00 hs. Escuela N\u00b0 179 \u2013 Chumbicha<\/p>\n\n\n\n<p><a rel=\"noreferrer noopener\" href=\"https:\/\/iescapayanch-cat.infd.edu.ar\/sitio\/wp-content\/uploads\/2024\/04\/inglesTecnicoAnalisis.jpeg\" data-type=\"URL\" data-id=\"https:\/\/iescapayanch-cat.infd.edu.ar\/sitio\/wp-content\/uploads\/2024\/04\/inglesTecnicoAnalisis.jpeg\" target=\"_blank\">Ingles T\u00e9cnico<\/a> &#8211; Entrevista presencial, el d\u00eda lunes 22\/04, a las 21:00 hs. Escuela N\u00b0 179 \u2013 Chumbicha<\/p>\n\n\n\n<p><a rel=\"noreferrer noopener\" href=\"https:\/\/iescapayanch-cat.infd.edu.ar\/sitio\/wp-content\/uploads\/2024\/04\/microbiologiaParasClinic.png\" data-type=\"URL\" target=\"_blank\">Microbiolog\u00eda y Parasitolog\u00eda<\/a> &#8211; Entrevista presencial, el d\u00eda martes 23\/04, a las 19:00 hs. Escuela N\u00b0 179 \u2013 Chumbicha  <strong>LOM Rectificado<\/strong><\/p>\n","protected":false},"excerpt":{"rendered":"<p>Comunicaci\u00f3n y TIC &#8211; Entrevista presencial, el d\u00eda lunes 22\/04, a las 16:30 hs. Anexo Huillapima Primeros Auxilios &#8211; Entrevista presencial, el d\u00eda miercoles 24\/04, a las 19:00 hs. Escuela N\u00b0 179 \u2013 Chumbicha LOM Rectificado Bacteriolog\u00eda y Preparaci\u00f3n de Materiales &#8211; Entrevista presencial, el d\u00eda miercoles 24\/04, a las 19:00 hs. Escuela N\u00b0 179 &#8230; <a title=\"Tecnicatura Superior en Laboratorio de An\u00e1lisis Cl\u00ednico\" class=\"read-more\" href=\"https:\/\/iescapayanch-cat.infd.edu.ar\/sitio\/tecnicatura-superior-en-laboratorio-de-analisis-clinico\/\" aria-label=\"More on Tecnicatura Superior en Laboratorio de An\u00e1lisis Cl\u00ednico\">[+]<\/a><\/p>\n","protected":false},"author":1060,"featured_media":0,"parent":0,"menu_order":0,"comment_status":"closed","ping_status":"closed","template":"","meta":[],"acf":[],"_links":{"self":[{"href":"https:\/\/iescapayanch-cat.infd.edu.ar\/sitio\/wp-json\/wp\/v2\/pages\/4360"}],"collection":[{"href":"https:\/\/iescapayanch-cat.infd.edu.ar\/sitio\/wp-json\/wp\/v2\/pages"}],"about":[{"href":"https:\/\/iescapayanch-cat.infd.edu.ar\/sitio\/wp-json\/wp\/v2\/types\/page"}],"author":[{"embeddable":true,"href":"https:\/\/iescapayanch-cat.infd.edu.ar\/sitio\/wp-json\/wp\/v2\/users\/1060"}],"replies":[{"embeddable":true,"href":"https:\/\/iescapayanch-cat.infd.edu.ar\/sitio\/wp-json\/wp\/v2\/comments?post=4360"}],"version-history":[{"count":8,"href":"https:\/\/iescapayanch-cat.infd.edu.ar\/sitio\/wp-json\/wp\/v2\/pages\/4360\/revisions"}],"predecessor-version":[{"id":4484,"href":"https:\/\/iescapayanch-cat.infd.edu.ar\/sitio\/wp-json\/wp\/v2\/pages\/4360\/revisions\/4484"}],"wp:attachment":[{"href":"https:\/\/iescapayanch-cat.infd.edu.ar\/sitio\/wp-json\/wp\/v2\/media?parent=4360"}],"curies":[{"name":"wp","href":"https:\/\/api.w.org\/{rel}","templated":true}]}}