{"id":3947,"date":"2023-06-13T07:27:45","date_gmt":"2023-06-13T10:27:45","guid":{"rendered":"https:\/\/iescapayanch-cat.infd.edu.ar\/sitio\/?page_id=3947"},"modified":"2023-06-28T20:23:23","modified_gmt":"2023-06-28T23:23:23","slug":"resultados-definitivos-2do-concurso-docente-2023","status":"publish","type":"page","link":"https:\/\/iescapayanch-cat.infd.edu.ar\/sitio\/resultados-definitivos-2do-concurso-docente-2023\/","title":{"rendered":"Resultados definitivos 2do. Concurso Docente 2023"},"content":{"rendered":"\n<p><strong><mark style=\"background-color:rgba(0, 0, 0, 0);color:#d9071a\" class=\"has-inline-color\">PROFESORADO DE M\u00daSICA<\/mark><\/strong><\/p>\n\n\n\n<p><a href=\"https:\/\/iescapayanch-cat.infd.edu.ar\/sitio\/wp-content\/uploads\/2023\/06\/WhatsApp-Image-2023-06-21-at-21.26.35-e1687394655741.jpeg\" target=\"_blank\" rel=\"noreferrer noopener\">INSTRUMENTO PRINCIPAL IV: CUERDAS<\/a><\/p>\n\n\n\n<p><a rel=\"noreferrer noopener\" href=\"https:\/\/iescapayanch-cat.infd.edu.ar\/sitio\/wp-content\/uploads\/2023\/06\/WhatsApp-Image-2023-06-28-at-18.41.15-e1687994507658.jpeg\" target=\"_blank\">M\u00daSICA VOCAL II: (Opci\u00f3n Estudiantil) a)CONJUNTO VOCAL<\/a> &#8211; Prof. de M\u00fasica<\/p>\n\n\n\n<p><a rel=\"noreferrer noopener\" href=\"https:\/\/iescapayanch-cat.infd.edu.ar\/sitio\/wp-content\/uploads\/2023\/06\/WhatsApp-Image-2023-06-28-at-18.41.15-1-e1687994226961.jpeg\" target=\"_blank\">M\u00daSICA VOCAL II: (Opci\u00f3n Estudiantil) b) DIRECCCI\u00d3N CORAL<\/a> &#8211; Prof de M\u00fasica<\/p>\n\n\n\n<p><\/p>\n\n\n\n<p><strong><mark style=\"background-color:rgba(0, 0, 0, 0);color:#b90808\" class=\"has-inline-color\">TRIBUNAL GENERALISTA<\/mark><\/strong><\/p>\n\n\n\n<p><a href=\"https:\/\/iescapayanch-cat.infd.edu.ar\/sitio\/wp-content\/uploads\/2023\/06\/WhatsApp-Image-2023-06-28-at-20.05.17-e1687993949878.jpeg\" target=\"_blank\" rel=\"noreferrer noopener\">E.D.I<\/a>. &#8211; Prof. de M\u00fasica<\/p>\n\n\n\n<p><a rel=\"noreferrer noopener\" href=\"https:\/\/iescapayanch-cat.infd.edu.ar\/sitio\/wp-content\/uploads\/2023\/06\/WhatsApp-Image-2023-06-28-at-20.05.16-e1687994116487.jpeg\" target=\"_blank\">\u00c9TICA PROFESIONAL<\/a> &#8211; Prof. de M\u00fasica <\/p>\n\n\n\n<p><a rel=\"noreferrer noopener\" href=\"https:\/\/iescapayanch-cat.infd.edu.ar\/sitio\/wp-content\/uploads\/2023\/06\/WhatsApp-Image-2023-06-23-at-19.17.03-1-e1687559270889.jpeg\" target=\"_blank\">PROBLEMAS EDUCATIVOS CONTEMPOR<\/a><a href=\"https:\/\/iescapayanch-cat.infd.edu.ar\/sitio\/wp-content\/uploads\/2023\/06\/WhatsApp-Image-2023-06-23-at-19.17.03-1-e1687559270889.jpeg\" target=\"_blank\" rel=\"noreferrer noopener\">\u00c1<\/a><a rel=\"noreferrer noopener\" href=\"https:\/\/iescapayanch-cat.infd.edu.ar\/sitio\/wp-content\/uploads\/2023\/06\/WhatsApp-Image-2023-06-23-at-19.17.03-1-e1687559270889.jpeg\" target=\"_blank\">NEOS <\/a>&#8211; Prof. de Ingl\u00e9s<\/p>\n\n\n\n<p><a rel=\"noreferrer noopener\" href=\"https:\/\/iescapayanch-cat.infd.edu.ar\/sitio\/wp-content\/uploads\/2023\/06\/WhatsApp-Image-2023-06-23-at-19.17.03-e1687559396409.jpeg\" target=\"_blank\">SOCIOLOG\u00cdA DE LA EDUCACI\u00d3N<\/a> &#8211; Prof. de Teatro<\/p>\n\n\n\n<p><a rel=\"noreferrer noopener\" href=\"https:\/\/iescapayanch-cat.infd.edu.ar\/sitio\/wp-content\/uploads\/2023\/06\/WhatsApp-Image-2023-06-21-at-21.41.30-1-e1687395080284.jpeg\" target=\"_blank\">CURRICULUM Y PROGRAMACI\u00d3N<\/a> &#8211; Prof. de Ingl\u00e9s<\/p>\n\n\n\n<p><a rel=\"noreferrer noopener\" href=\"https:\/\/iescapayanch-cat.infd.edu.ar\/sitio\/wp-content\/uploads\/2023\/06\/WhatsApp-Image-2023-06-21-at-21.41.30-e1687395266835.jpeg\" target=\"_blank\">PR\u00c1CTICA DOCENTE Y RESIDENCIA<\/a> &#8211; Prof. de M\u00fasica<\/p>\n\n\n\n<p><\/p>\n\n\n\n<p><strong><mark style=\"background-color:rgba(0, 0, 0, 0);color:#d01627\" class=\"has-inline-color\">PROFESORADO DE DANZA<\/mark><\/strong><\/p>\n\n\n\n<p><a href=\"https:\/\/iescapayanch-cat.infd.edu.ar\/sitio\/wp-content\/uploads\/2023\/06\/didactica-danza.pdf\" target=\"_blank\" rel=\"noreferrer noopener\">DID\u00c1CTICA DE LA DANZA II (Seg\u00fan Modalidades y Sujetos)<\/a><\/p>\n\n\n\n<p><a href=\"https:\/\/iescapayanch-cat.infd.edu.ar\/sitio\/wp-content\/uploads\/2023\/06\/practica-danza.pdf\" target=\"_blank\" rel=\"noreferrer noopener\">PR\u00c1CTICAS DE LA ENSE\u00d1ANZA (Especifica)<\/a><\/p>\n\n\n\n<p><strong><mark style=\"background-color:rgba(0, 0, 0, 0);color:#dd1014\" class=\"has-inline-color\">PROFESORADO DE M\u00daSICA<\/mark><\/strong><\/p>\n\n\n\n<p><a href=\"https:\/\/iescapayanch-cat.infd.edu.ar\/sitio\/wp-content\/uploads\/2023\/06\/WhatsApp-Image-2023-06-14-at-21.44.48-e1686791486476.jpeg\" target=\"_blank\" rel=\"noreferrer noopener\">ENSE\u00d1ANZA DE LA M\u00daSICA A SUJETOS CON N.E.E<\/a><\/p>\n\n\n\n<p><a href=\"https:\/\/iescapayanch-cat.infd.edu.ar\/sitio\/wp-content\/uploads\/2023\/06\/WhatsApp-Image-2023-06-14-at-21.44.48-2-rotated-e1686791521420.jpeg\" target=\"_blank\" rel=\"noreferrer noopener\">INSTRUMENTO PRINCIPAL III: PIANO<\/a><\/p>\n\n\n\n<p><a href=\"https:\/\/iescapayanch-cat.infd.edu.ar\/sitio\/wp-content\/uploads\/2023\/06\/WhatsApp-Image-2023-06-14-at-21.44.48-1-e1686791544644.jpeg\" target=\"_blank\" rel=\"noreferrer noopener\">INSTRUMENTO PRINCIPAL IV: PIANO<\/a><\/p>\n\n\n\n<p><strong><mark style=\"background-color:rgba(0, 0, 0, 0);color:#de0303\" class=\"has-inline-color\">PROFESORADO DE M\u00daSICA<\/mark><\/strong><\/p>\n\n\n\n<p><a href=\"https:\/\/iescapayanch-cat.infd.edu.ar\/sitio\/wp-content\/uploads\/2023\/06\/WhatsApp-Image-2023-06-14-at-21.46.18-1-e1686792682680.jpeg\" target=\"_blank\" rel=\"noreferrer noopener\">TECNOLOG\u00cdA MUSICAL B\u00c1SICA<\/a><\/p>\n\n\n\n<p><a href=\"https:\/\/iescapayanch-cat.infd.edu.ar\/sitio\/wp-content\/uploads\/2023\/06\/WhatsApp-Image-2023-06-14-at-21.46.18-2-e1686792452886.jpeg\" target=\"_blank\" rel=\"noreferrer noopener\">PRODUCCI\u00d3N FINAL: (Opci\u00f3n estudiantil) a) PRODUCCI\u00d3N ARTISTICA INDIVIDUAL<\/a><\/p>\n\n\n\n<p><a href=\"https:\/\/iescapayanch-cat.infd.edu.ar\/sitio\/wp-content\/uploads\/2023\/06\/WhatsApp-Image-2023-06-14-at-21.46.19-e1686792607914.jpeg\" target=\"_blank\" rel=\"noreferrer noopener\">PRODUCCI\u00d3N FINAL: (Opci\u00f3n Estudiantil) b) PRODUCCI\u00d3N FINAL INTERDISCIPLINAR<\/a><\/p>\n\n\n\n<p><a href=\"https:\/\/iescapayanch-cat.infd.edu.ar\/sitio\/wp-content\/uploads\/2023\/06\/WhatsApp-Image-2023-06-14-at-21.46.18-e1686792505435.jpeg\" target=\"_blank\" rel=\"noreferrer noopener\">INSTRUMENTO PRINCIPAL IV: GUITARRA<\/a><\/p>\n\n\n\n<p><a href=\"https:\/\/iescapayanch-cat.infd.edu.ar\/sitio\/wp-content\/uploads\/2023\/06\/WhatsApp-Image-2023-06-14-at-21.46.17-e1686792735226.jpeg\" target=\"_blank\" rel=\"noreferrer noopener\">PRACTICA DOCENTE Y RESIDENCIA (Especifica)<\/a><\/p>\n\n\n\n<p><strong><mark style=\"background-color:rgba(0, 0, 0, 0);color:#d22020\" class=\"has-inline-color\">TECNICATURA SUPERIOR EN GESTI\u00d3N DE LA PRODUCCI\u00d3N AGROPECUARIA<\/mark><\/strong><\/p>\n\n\n\n<p><a href=\"https:\/\/iescapayanch-cat.infd.edu.ar\/sitio\/wp-content\/uploads\/2023\/06\/CamScanner-12-06-2023-23.04-1.pdf\" target=\"_blank\" rel=\"noreferrer noopener\">ESTAD\u00cdSTICA APLICADA<\/a><\/p>\n\n\n\n<p><a href=\"https:\/\/iescapayanch-cat.infd.edu.ar\/sitio\/wp-content\/uploads\/2023\/06\/CamScanner-12-06-2023-23.06.pdf\" target=\"_blank\" rel=\"noreferrer noopener\">F\u00cdSICA Y QU\u00cdMICA<\/a><\/p>\n\n\n\n<p><a href=\"https:\/\/iescapayanch-cat.infd.edu.ar\/sitio\/wp-content\/uploads\/2023\/06\/CamScanner-12-06-2023-23.05.pdf\">FORMACI\u00d3N HUMANISTICA I<\/a><\/p>\n\n\n\n<p><\/p>\n\n\n\n<p><strong><mark style=\"background-color:rgba(0, 0, 0, 0);color:#c41616\" class=\"has-inline-color\">TECNICATURA SUPERIOR DE LABORATORIO EN AN\u00c1LISIS CL\u00cdNICO<\/mark><\/strong><\/p>\n\n\n\n<p><a href=\"https:\/\/iescapayanch-cat.infd.edu.ar\/sitio\/wp-content\/uploads\/2023\/06\/WhatsApp-Image-2023-06-13-at-19.27.01-e1686704435805.jpeg\" target=\"_blank\" rel=\"noreferrer noopener\">BIOQU\u00cdMICA CL\u00cdNICA<\/a><\/p>\n\n\n\n<p><a rel=\"noreferrer noopener\" href=\"https:\/\/iescapayanch-cat.infd.edu.ar\/sitio\/wp-content\/uploads\/2023\/06\/WhatsApp-Image-2023-06-13-at-19.27.00-e1686704528404.jpeg\" target=\"_blank\">PR\u00c1CTICA DE BIOQU\u00cdMICA CL\u00cdNICA I<\/a><\/p>\n\n\n\n<p><\/p>\n\n\n\n<p><strong><mark style=\"background-color:rgba(0, 0, 0, 0);color:#be0303\" class=\"has-inline-color\">TECNICATURA SUPERIOR EN TURISMO<\/mark><\/strong><\/p>\n\n\n\n<p><a href=\"https:\/\/iescapayanch-cat.infd.edu.ar\/sitio\/wp-content\/uploads\/2023\/06\/CamScanner-13-06-2023-21.30-3.pdf\" target=\"_blank\" rel=\"noreferrer noopener\">INGL\u00c9S I<\/a><\/p>\n\n\n\n<p><a rel=\"noreferrer noopener\" href=\"https:\/\/iescapayanch-cat.infd.edu.ar\/sitio\/wp-content\/uploads\/2023\/06\/PLANILLA-ORDEN-DE-MERITO-P.P-1-.pdf\" target=\"_blank\">PR\u00c1CTICA PROFESIONALIZANTE I <\/a><\/p>\n\n\n\n<p><a rel=\"noreferrer noopener\" href=\"https:\/\/iescapayanch-cat.infd.edu.ar\/sitio\/wp-content\/uploads\/2023\/06\/Geografia-Turistica-de-Catamarca-y-del-NOA.pdf\" target=\"_blank\">GEOGRAF\u00cdA TURISTICA DE CATAMARCA Y EL NOA<\/a>&nbsp;<\/p>\n\n\n\n<p><a rel=\"noreferrer noopener\" href=\"https:\/\/iescapayanch-cat.infd.edu.ar\/sitio\/wp-content\/uploads\/2023\/06\/Historia-Argentina-y-Patrimonio-Cultural.pdf\" target=\"_blank\">HISTORIA ARGENTINA Y PATRIMONIO CULTURAL&nbsp;<\/a> <\/p>\n\n\n\n<p><a rel=\"noreferrer noopener\" href=\"https:\/\/iescapayanch-cat.infd.edu.ar\/sitio\/wp-content\/uploads\/2023\/06\/Patrimonio-Cultural-Turistico-de-Catamarca.pdf\" target=\"_blank\">PATRIMONIO CULTURAL TURISTICO DE CATAMARCA<\/a><\/p>\n\n\n\n<p><\/p>\n\n\n\n<p><\/p>\n","protected":false},"excerpt":{"rendered":"<p>PROFESORADO DE M\u00daSICA INSTRUMENTO PRINCIPAL IV: CUERDAS M\u00daSICA VOCAL II: (Opci\u00f3n Estudiantil) a)CONJUNTO VOCAL &#8211; Prof. de M\u00fasica M\u00daSICA VOCAL II: (Opci\u00f3n Estudiantil) b) DIRECCCI\u00d3N CORAL &#8211; Prof de M\u00fasica TRIBUNAL GENERALISTA E.D.I. &#8211; Prof. de M\u00fasica \u00c9TICA PROFESIONAL &#8211; Prof. de M\u00fasica PROBLEMAS EDUCATIVOS CONTEMPOR\u00c1NEOS &#8211; Prof. de Ingl\u00e9s SOCIOLOG\u00cdA DE LA EDUCACI\u00d3N &#8211; &#8230; <a title=\"Resultados definitivos 2do. Concurso Docente 2023\" class=\"read-more\" href=\"https:\/\/iescapayanch-cat.infd.edu.ar\/sitio\/resultados-definitivos-2do-concurso-docente-2023\/\" aria-label=\"More on Resultados definitivos 2do. Concurso Docente 2023\">[+]<\/a><\/p>\n","protected":false},"author":16,"featured_media":0,"parent":0,"menu_order":0,"comment_status":"closed","ping_status":"closed","template":"","meta":[],"acf":[],"_links":{"self":[{"href":"https:\/\/iescapayanch-cat.infd.edu.ar\/sitio\/wp-json\/wp\/v2\/pages\/3947"}],"collection":[{"href":"https:\/\/iescapayanch-cat.infd.edu.ar\/sitio\/wp-json\/wp\/v2\/pages"}],"about":[{"href":"https:\/\/iescapayanch-cat.infd.edu.ar\/sitio\/wp-json\/wp\/v2\/types\/page"}],"author":[{"embeddable":true,"href":"https:\/\/iescapayanch-cat.infd.edu.ar\/sitio\/wp-json\/wp\/v2\/users\/16"}],"replies":[{"embeddable":true,"href":"https:\/\/iescapayanch-cat.infd.edu.ar\/sitio\/wp-json\/wp\/v2\/comments?post=3947"}],"version-history":[{"count":14,"href":"https:\/\/iescapayanch-cat.infd.edu.ar\/sitio\/wp-json\/wp\/v2\/pages\/3947\/revisions"}],"predecessor-version":[{"id":4033,"href":"https:\/\/iescapayanch-cat.infd.edu.ar\/sitio\/wp-json\/wp\/v2\/pages\/3947\/revisions\/4033"}],"wp:attachment":[{"href":"https:\/\/iescapayanch-cat.infd.edu.ar\/sitio\/wp-json\/wp\/v2\/media?parent=3947"}],"curies":[{"name":"wp","href":"https:\/\/api.w.org\/{rel}","templated":true}]}}