{"id":3380,"date":"2022-06-09T09:35:26","date_gmt":"2022-06-09T12:35:26","guid":{"rendered":"https:\/\/iescapayanch-cat.infd.edu.ar\/sitio\/?page_id=3380"},"modified":"2022-06-17T10:32:52","modified_gmt":"2022-06-17T13:32:52","slug":"resultados-definitivos-2do-concurso-docente-2-022","status":"publish","type":"page","link":"https:\/\/iescapayanch-cat.infd.edu.ar\/sitio\/resultados-definitivos-2do-concurso-docente-2-022\/","title":{"rendered":"Resultados definitivos 2do. Concurso Docente 2.022"},"content":{"rendered":"\n<p><strong>Profesorado en M\u00fasica<\/strong><\/p>\n\n\n\n<p><a rel=\"noreferrer noopener\" href=\"https:\/\/iescapayanch-cat.infd.edu.ar\/sitio\/wp-content\/uploads\/2022\/06\/WhatsApp-Image-2022-06-08-at-11.32.02-PM-e1654777197897.jpeg\" target=\"_blank\">M\u00fasica Vocal I &#8211; Conjunto Vocal<\/a> <\/p>\n\n\n\n<p><a rel=\"noreferrer noopener\" href=\"https:\/\/iescapayanch-cat.infd.edu.ar\/sitio\/wp-content\/uploads\/2022\/06\/WhatsApp-Image-2022-06-08-at-11.32.01-PM-1-e1654777426483.jpeg\" target=\"_blank\">Pr\u00e1ctica de Producci\u00f3n Musical I<\/a> <\/p>\n\n\n\n<p><a rel=\"noreferrer noopener\" href=\"https:\/\/iescapayanch-cat.infd.edu.ar\/sitio\/wp-content\/uploads\/2022\/06\/WhatsApp-Image-2022-06-08-at-11.32.01-PM-e1654777601961.jpeg\" target=\"_blank\">Pr\u00e1ctica de Producci\u00f3n Musical II<\/a><\/p>\n\n\n\n<p><a rel=\"noreferrer noopener\" href=\"https:\/\/iescapayanch-cat.infd.edu.ar\/sitio\/wp-content\/uploads\/2022\/06\/WhatsApp-Image-2022-06-08-at-11.32.00-PM-1-e1654777735612.jpeg\" target=\"_blank\">M\u00fasica y Contexto III &#8211; Armon\u00eda<\/a> <\/p>\n\n\n\n<p><a rel=\"noreferrer noopener\" href=\"https:\/\/iescapayanch-cat.infd.edu.ar\/sitio\/wp-content\/uploads\/2022\/06\/WhatsApp-Image-2022-06-08-at-11.32.00-PM-e1654777811773.jpeg\" target=\"_blank\">M\u00fasica Vocal I &#8211; Direcci\u00f3n Coral<\/a><\/p>\n\n\n\n<p><a rel=\"noreferrer noopener\" href=\"https:\/\/iescapayanch-cat.infd.edu.ar\/sitio\/wp-content\/uploads\/2022\/06\/WhatsApp-Image-2022-06-09-at-10.47.21-PM-1-e1654828311470.jpeg\" target=\"_blank\">Pr\u00e1cticas de Ense\u00f1anza<\/a><\/p>\n\n\n\n<p><a rel=\"noreferrer noopener\" href=\"https:\/\/iescapayanch-cat.infd.edu.ar\/sitio\/wp-content\/uploads\/2022\/06\/WhatsApp-Image-2022-06-09-at-10.47.21-PM-e1654828373591.jpeg\" target=\"_blank\">Instrumento Principal III &#8211; Piano<\/a><\/p>\n\n\n\n<p>Profesorado en Danza<\/p>\n\n\n\n<p><a rel=\"noreferrer noopener\" href=\"https:\/\/iescapayanch-cat.infd.edu.ar\/sitio\/wp-content\/uploads\/2022\/06\/WhatsApp-Image-2022-06-09-at-8.30.00-PM-e1654828447585.jpeg\" target=\"_blank\">Did\u00e1ctica de la Danza II (Seg\u00fan Modalidades y Sujetos)<\/a><\/p>\n\n\n\n<p><a rel=\"noreferrer noopener\" href=\"https:\/\/iescapayanch-cat.infd.edu.ar\/sitio\/wp-content\/uploads\/2022\/06\/WhatsApp-Image-2022-06-09-at-8.29.59-PM-e1654828557550.jpeg\" target=\"_blank\">Elementos y C\u00f3digos de la Danza<\/a><\/p>\n\n\n\n<p><strong>Profesorado en Ingl\u00e9s<\/strong><\/p>\n\n\n\n<p><a rel=\"noreferrer noopener\" href=\"https:\/\/iescapayanch-cat.infd.edu.ar\/sitio\/wp-content\/uploads\/2022\/06\/WhatsApp-Image-2022-06-16-at-9.43.30-PM-1-e1655472285929.jpeg\" target=\"_blank\">Pr\u00e1ctica Docente y Residencia Nivel Inicial y Primario (Generalista)<\/a><\/p>\n\n\n\n<p><strong>Profesorado en Danza<\/strong><\/p>\n\n\n\n<p><a rel=\"noreferrer noopener\" href=\"https:\/\/iescapayanch-cat.infd.edu.ar\/sitio\/wp-content\/uploads\/2022\/06\/WhatsApp-Image-2022-06-16-at-9.43.30-PM-e1655472368794.jpeg\" target=\"_blank\">E.D.I<\/a><\/p>\n\n\n\n<p><strong>Profesorado en M\u00fasica<\/strong><\/p>\n\n\n\n<p><a href=\"https:\/\/iescapayanch-cat.infd.edu.ar\/sitio\/wp-content\/uploads\/2022\/06\/WhatsApp-Image-2022-06-16-at-9.43.29-PM-e1655472449386.jpeg\" target=\"_blank\" rel=\"noreferrer noopener\">Pr\u00e1ctica de la Ense\u00f1anza<\/a><\/p>\n","protected":false},"excerpt":{"rendered":"<p>Profesorado en M\u00fasica M\u00fasica Vocal I &#8211; Conjunto Vocal Pr\u00e1ctica de Producci\u00f3n Musical I Pr\u00e1ctica de Producci\u00f3n Musical II M\u00fasica y Contexto III &#8211; Armon\u00eda M\u00fasica Vocal I &#8211; Direcci\u00f3n Coral Pr\u00e1cticas de Ense\u00f1anza Instrumento Principal III &#8211; Piano Profesorado en Danza Did\u00e1ctica de la Danza II (Seg\u00fan Modalidades y Sujetos) Elementos y C\u00f3digos de &#8230; <a title=\"Resultados definitivos 2do. Concurso Docente 2.022\" class=\"read-more\" href=\"https:\/\/iescapayanch-cat.infd.edu.ar\/sitio\/resultados-definitivos-2do-concurso-docente-2-022\/\" aria-label=\"More on Resultados definitivos 2do. Concurso Docente 2.022\">[+]<\/a><\/p>\n","protected":false},"author":16,"featured_media":0,"parent":0,"menu_order":0,"comment_status":"closed","ping_status":"closed","template":"","meta":[],"acf":[],"_links":{"self":[{"href":"https:\/\/iescapayanch-cat.infd.edu.ar\/sitio\/wp-json\/wp\/v2\/pages\/3380"}],"collection":[{"href":"https:\/\/iescapayanch-cat.infd.edu.ar\/sitio\/wp-json\/wp\/v2\/pages"}],"about":[{"href":"https:\/\/iescapayanch-cat.infd.edu.ar\/sitio\/wp-json\/wp\/v2\/types\/page"}],"author":[{"embeddable":true,"href":"https:\/\/iescapayanch-cat.infd.edu.ar\/sitio\/wp-json\/wp\/v2\/users\/16"}],"replies":[{"embeddable":true,"href":"https:\/\/iescapayanch-cat.infd.edu.ar\/sitio\/wp-json\/wp\/v2\/comments?post=3380"}],"version-history":[{"count":4,"href":"https:\/\/iescapayanch-cat.infd.edu.ar\/sitio\/wp-json\/wp\/v2\/pages\/3380\/revisions"}],"predecessor-version":[{"id":3401,"href":"https:\/\/iescapayanch-cat.infd.edu.ar\/sitio\/wp-json\/wp\/v2\/pages\/3380\/revisions\/3401"}],"wp:attachment":[{"href":"https:\/\/iescapayanch-cat.infd.edu.ar\/sitio\/wp-json\/wp\/v2\/media?parent=3380"}],"curies":[{"name":"wp","href":"https:\/\/api.w.org\/{rel}","templated":true}]}}