{"id":3265,"date":"2022-05-04T14:25:00","date_gmt":"2022-05-04T17:25:00","guid":{"rendered":"https:\/\/iescapayanch-cat.infd.edu.ar\/sitio\/?page_id=3265"},"modified":"2022-05-05T23:29:26","modified_gmt":"2022-05-06T02:29:26","slug":"resultados-definitivos-primer-concurso-docente-2022","status":"publish","type":"page","link":"https:\/\/iescapayanch-cat.infd.edu.ar\/sitio\/resultados-definitivos-primer-concurso-docente-2022\/","title":{"rendered":"Resultados Definitivos- Primer concurso docente 2022"},"content":{"rendered":"\n<p><strong>Profesorado de M\u00fasica<\/strong><\/p>\n\n\n\n<p><a rel=\"noreferrer noopener\" href=\"https:\/\/iescapayanch-cat.infd.edu.ar\/sitio\/wp-content\/uploads\/2022\/05\/WhatsApp-Image-2022-05-04-at-7.48.52-AM-1-e1651682186617.jpeg\" target=\"_blank\">M\u00fasica y Contexto III (An\u00e1lisis)<\/a><\/p>\n\n\n\n<p><a href=\"https:\/\/iescapayanch-cat.infd.edu.ar\/sitio\/wp-content\/uploads\/2022\/05\/WhatsApp-Image-2022-05-04-at-7.48.51-AM-e1651682501275.jpeg\" target=\"_blank\" rel=\"noreferrer noopener\">M\u00fasica y Contexto III (Armon\u00eda)<\/a><\/p>\n\n\n\n<p><a href=\"https:\/\/iescapayanch-cat.infd.edu.ar\/sitio\/wp-content\/uploads\/2022\/05\/WhatsApp-Image-2022-05-04-at-7.48.52-AM-2-e1651682061536.jpeg\" target=\"_blank\" rel=\"noreferrer noopener\">M\u00fasica y Contexto III (Contexto Socio Hist\u00f3rico)<\/a><\/p>\n\n\n\n<p><a rel=\"noreferrer noopener\" href=\"https:\/\/iescapayanch-cat.infd.edu.ar\/sitio\/wp-content\/uploads\/2022\/05\/WhatsApp-Image-2022-05-04-at-7.48.49-AM-e1651682843466.jpeg\" target=\"_blank\">Instrumento Principal III- Guitarra<\/a><\/p>\n\n\n\n<p><a rel=\"noreferrer noopener\" href=\"https:\/\/iescapayanch-cat.infd.edu.ar\/sitio\/wp-content\/uploads\/2022\/05\/WhatsApp-Image-2022-05-04-at-7.48.48-AM-e1651683287924.jpeg\" target=\"_blank\">Instrumento Complementario III- Guitarra<\/a> &#8211; Sede Chumbicha<\/p>\n\n\n\n<p><a href=\"https:\/\/iescapayanch-cat.infd.edu.ar\/sitio\/wp-content\/uploads\/2022\/05\/WhatsApp-Image-2022-05-04-at-7.48.47-AM-1-e1651683576798.jpeg\" target=\"_blank\" rel=\"noreferrer noopener\">Instrumento Complementario III- Guitarra<\/a> &#8211; Anexo Huillapima<\/p>\n\n\n\n<p><a rel=\"noreferrer noopener\" href=\"https:\/\/iescapayanch-cat.infd.edu.ar\/sitio\/wp-content\/uploads\/2022\/05\/WhatsApp-Image-2022-05-04-at-7.48.50-AM-1-e1651682562966.jpeg\" target=\"_blank\">Instrumento Complementario III- Cuerdas<\/a><\/p>\n\n\n\n<p>I<a rel=\"noreferrer noopener\" href=\"https:\/\/iescapayanch-cat.infd.edu.ar\/sitio\/wp-content\/uploads\/2022\/05\/WhatsApp-Image-2022-05-04-at-7.48.52-AM-e1651682251392.jpeg\" target=\"_blank\">nstrumento Complementario III \u2013 Piano<\/a> &#8211; Anexo Huillapima<\/p>\n\n\n\n<p><a rel=\"noreferrer noopener\" href=\"https:\/\/iescapayanch-cat.infd.edu.ar\/sitio\/wp-content\/uploads\/2022\/05\/WhatsApp-Image-2022-05-04-at-7.48.51-AM-1-e1651682359208.jpeg\" target=\"_blank\">Instrumento Complementario II<\/a><a href=\"https:\/\/iescapayanch-cat.infd.edu.ar\/sitio\/wp-content\/uploads\/2022\/05\/WhatsApp-Image-2022-05-04-at-7.48.51-AM-1-e1651682359208.jpeg\" target=\"_blank\" rel=\"noreferrer noopener\">I<\/a><a rel=\"noreferrer noopener\" href=\"https:\/\/iescapayanch-cat.infd.edu.ar\/sitio\/wp-content\/uploads\/2022\/05\/WhatsApp-Image-2022-05-04-at-7.48.51-AM-1-e1651682359208.jpeg\" target=\"_blank\"> &#8211; Piano<\/a> &#8211; Sede Chumbicha<\/p>\n\n\n\n<p><a rel=\"noreferrer noopener\" href=\"https:\/\/iescapayanch-cat.infd.edu.ar\/sitio\/wp-content\/uploads\/2022\/05\/WhatsApp-Image-2022-05-04-at-7.44.04-AM-3-e1651683974719.jpeg\" target=\"_blank\">Pr\u00e1ctica de la Ense\u00f1anza<\/a> <\/p>\n\n\n\n<p><a href=\"https:\/\/iescapayanch-cat.infd.edu.ar\/sitio\/wp-content\/uploads\/2022\/05\/WhatsApp-Image-2022-05-04-at-7.48.47-AM-e1651683736884.jpeg\" target=\"_blank\" rel=\"noreferrer noopener\">M\u00fasica Vocal.-Conjunto Vocal<\/a><\/p>\n\n\n\n<p><a rel=\"noreferrer noopener\" href=\"https:\/\/iescapayanch-cat.infd.edu.ar\/sitio\/wp-content\/uploads\/2022\/05\/WhatsApp-Image-2022-05-04-at-7.44.04-AM-2-e1651684144992.jpeg\" target=\"_blank\">Historia y Pol\u00edtica de La Educaci\u00f3n Argentina<\/a><\/p>\n\n\n\n<p><a rel=\"noreferrer noopener\" href=\"https:\/\/iescapayanch-cat.infd.edu.ar\/sitio\/wp-content\/uploads\/2022\/05\/WhatsApp-Image-2022-05-04-at-7.45.16-AM-e1651683871311.jpeg\" target=\"_blank\">Filosof\u00eda de La Educaci\u00f3n<\/a><\/p>\n\n\n\n<p><a rel=\"noreferrer noopener\" href=\"https:\/\/iescapayanch-cat.infd.edu.ar\/sitio\/wp-content\/uploads\/2022\/05\/WhatsApp-Image-2022-05-05-at-9.06.05-PM-e1651798403747.jpeg\" target=\"_blank\">Instrumento Principal II &#8211; Piano <\/a>&#8211; Sede Chumbicha<\/p>\n\n\n\n<p><a rel=\"noreferrer noopener\" href=\"https:\/\/iescapayanch-cat.infd.edu.ar\/sitio\/wp-content\/uploads\/2022\/05\/WhatsApp-Image-2022-05-05-at-9.06.04-PM-1-e1651798515221.jpeg\" target=\"_blank\">Instrumento Principal II &#8211; Piano<\/a> -Anexo Huillapima<\/p>\n\n\n\n<p><a rel=\"noreferrer noopener\" href=\"https:\/\/iescapayanch-cat.infd.edu.ar\/sitio\/wp-content\/uploads\/2022\/05\/WhatsApp-Image-2022-05-05-at-9.06.04-PM-e1651798673716.jpeg\" target=\"_blank\">M\u00fasica y Contexto III- Armon\u00eda<\/a> &#8211; Sede Chumbicha<\/p>\n\n\n\n<p><a rel=\"noreferrer noopener\" href=\"https:\/\/iescapayanch-cat.infd.edu.ar\/sitio\/wp-content\/uploads\/2022\/05\/WhatsApp-Image-2022-05-05-at-10.24.36-PM-1-e1651803551788.jpeg\" target=\"_blank\">Did\u00e1ctica de la M\u00fasica II<\/a> &#8211; Anexo Huillapima<\/p>\n\n\n\n<p><a href=\"https:\/\/iescapayanch-cat.infd.edu.ar\/sitio\/wp-content\/uploads\/2022\/05\/WhatsApp-Image-2022-05-05-at-10.24.36-PM-e1651803968270.jpeg\" target=\"_blank\" rel=\"noreferrer noopener\">Did\u00e1ctica de la M\u00fasica II <\/a>&#8211; Sede Chumbicha<\/p>\n\n\n\n<p><a href=\"https:\/\/iescapayanch-cat.infd.edu.ar\/sitio\/wp-content\/uploads\/2022\/05\/WhatsApp-Image-2022-05-05-at-10.24.37-PM-e1651803360151.jpeg\" target=\"_blank\" rel=\"noreferrer noopener\">Pr\u00e1ctica de Producci\u00f3n Musical II<\/a> &#8211; Sede Chumbicha<\/p>\n\n\n\n<p><a rel=\"noreferrer noopener\" href=\"https:\/\/iescapayanch-cat.infd.edu.ar\/sitio\/wp-content\/uploads\/2022\/05\/WhatsApp-Image-2022-05-05-at-10.24.37-PM-2-e1651802972499.jpeg\" target=\"_blank\">Pr\u00e1ctica de Producci\u00f3n Musical III <\/a>&#8211; Anexo Huillapima<\/p>\n\n\n\n<p><a href=\"https:\/\/iescapayanch-cat.infd.edu.ar\/sitio\/wp-content\/uploads\/2022\/05\/WhatsApp-Image-2022-05-05-at-10.24.37-PM-1-e1651803282453.jpeg\" target=\"_blank\" rel=\"noreferrer noopener\">Pr\u00e1ctica de Producci\u00f3n Musical III<\/a> &#8211; Sede Chumbicha<\/p>\n\n\n\n<p><strong>Profesorado de Danza<\/strong><\/p>\n\n\n\n<p><a href=\"https:\/\/iescapayanch-cat.infd.edu.ar\/sitio\/wp-content\/uploads\/2022\/05\/WhatsApp-Image-2022-05-04-at-7.44.04-AM-1-e1651684187181.jpeg\" target=\"_blank\" rel=\"noreferrer noopener\">Pr\u00e1ctica de la Ense\u00f1anza<\/a><\/p>\n\n\n\n<p><a rel=\"noreferrer noopener\" href=\"https:\/\/iescapayanch-cat.infd.edu.ar\/sitio\/wp-content\/uploads\/2022\/05\/WhatsApp-Image-2022-05-04-at-7.45.17-AM-e1651683802363.jpeg\" target=\"_blank\">Psicolog\u00eda Educacional<\/a><\/p>\n\n\n\n<p><a rel=\"noreferrer noopener\" href=\"https:\/\/iescapayanch-cat.infd.edu.ar\/sitio\/wp-content\/uploads\/2022\/05\/WhatsApp-Image-2022-05-04-at-9.13.23-PM-1-e1651715981827.jpeg\" target=\"_blank\">Elementos y C\u00f3digo de la Danza<\/a><\/p>\n\n\n\n<p><a rel=\"noreferrer noopener\" href=\"https:\/\/iescapayanch-cat.infd.edu.ar\/sitio\/wp-content\/uploads\/2022\/05\/WhatsApp-Image-2022-05-04-at-9.13.23-PM-e1651716085796.jpeg\" target=\"_blank\">G\u00e9neros Estilos y Tendencias de Las Artes Del Movimiento<\/a><\/p>\n\n\n\n<p><a rel=\"noreferrer noopener\" href=\"https:\/\/iescapayanch-cat.infd.edu.ar\/sitio\/wp-content\/uploads\/2022\/05\/WhatsApp-Image-2022-05-04-at-9.13.22-PM-e1651716168845.jpeg\" target=\"_blank\">Pr\u00e1cticas de la Ense\u00f1anza<\/a><\/p>\n\n\n\n<p><a href=\"https:\/\/iescapayanch-cat.infd.edu.ar\/sitio\/wp-content\/uploads\/2022\/05\/WhatsApp-Image-2022-05-05-at-9.02.46-PM-1-e1651797140247.jpeg\" target=\"_blank\" rel=\"noreferrer noopener\">TIC<\/a><\/p>\n\n\n\n<p><strong>Profesorado en Ingl\u00e9s<\/strong><\/p>\n\n\n\n<p><a rel=\"noreferrer noopener\" href=\"https:\/\/iescapayanch-cat.infd.edu.ar\/sitio\/wp-content\/uploads\/2022\/05\/WhatsApp-Image-2022-05-04-at-7.44.04-AM-e1651684241871.jpeg\" target=\"_blank\">Pr\u00e1ctica <\/a><\/p>\n\n\n\n<p><a rel=\"noreferrer noopener\" href=\"https:\/\/iescapayanch-cat.infd.edu.ar\/sitio\/wp-content\/uploads\/2022\/05\/WhatsApp-Image-2022-05-05-at-9.02.45-PM-1-e1651797358697.jpeg\" target=\"_blank\">TIC, Aplicada a la Educaci\u00f3n<\/a> &#8211; Anexoe Huillapima<\/p>\n\n\n\n<p><a href=\"https:\/\/iescapayanch-cat.infd.edu.ar\/sitio\/wp-content\/uploads\/2022\/05\/WhatsApp-Image-2022-05-05-at-9.02.45-PM-e1651797498297.jpeg\" target=\"_blank\" rel=\"noreferrer noopener\">TIC, Aplicada a la Educaci\u00f3n<\/a>  &#8211; Sede Chumbicha<\/p>\n\n\n\n<p>Profesorado de Teatro<\/p>\n\n\n\n<p><a href=\"https:\/\/iescapayanch-cat.infd.edu.ar\/sitio\/wp-content\/uploads\/2022\/05\/WhatsApp-Image-2022-05-05-at-9.02.46-PM-e1651797255441.jpeg\" target=\"_blank\" rel=\"noreferrer noopener\">TIC<\/a><\/p>\n","protected":false},"excerpt":{"rendered":"<p>Profesorado de M\u00fasica M\u00fasica y Contexto III (An\u00e1lisis) M\u00fasica y Contexto III (Armon\u00eda) M\u00fasica y Contexto III (Contexto Socio Hist\u00f3rico) Instrumento Principal III- Guitarra Instrumento Complementario III- Guitarra &#8211; Sede Chumbicha Instrumento Complementario III- Guitarra &#8211; Anexo Huillapima Instrumento Complementario III- Cuerdas Instrumento Complementario III \u2013 Piano &#8211; Anexo Huillapima Instrumento Complementario III &#8211; Piano &#8230; <a title=\"Resultados Definitivos- Primer concurso docente 2022\" class=\"read-more\" href=\"https:\/\/iescapayanch-cat.infd.edu.ar\/sitio\/resultados-definitivos-primer-concurso-docente-2022\/\" aria-label=\"More on Resultados Definitivos- Primer concurso docente 2022\">[+]<\/a><\/p>\n","protected":false},"author":16,"featured_media":0,"parent":0,"menu_order":0,"comment_status":"closed","ping_status":"closed","template":"","meta":[],"acf":[],"_links":{"self":[{"href":"https:\/\/iescapayanch-cat.infd.edu.ar\/sitio\/wp-json\/wp\/v2\/pages\/3265"}],"collection":[{"href":"https:\/\/iescapayanch-cat.infd.edu.ar\/sitio\/wp-json\/wp\/v2\/pages"}],"about":[{"href":"https:\/\/iescapayanch-cat.infd.edu.ar\/sitio\/wp-json\/wp\/v2\/types\/page"}],"author":[{"embeddable":true,"href":"https:\/\/iescapayanch-cat.infd.edu.ar\/sitio\/wp-json\/wp\/v2\/users\/16"}],"replies":[{"embeddable":true,"href":"https:\/\/iescapayanch-cat.infd.edu.ar\/sitio\/wp-json\/wp\/v2\/comments?post=3265"}],"version-history":[{"count":7,"href":"https:\/\/iescapayanch-cat.infd.edu.ar\/sitio\/wp-json\/wp\/v2\/pages\/3265\/revisions"}],"predecessor-version":[{"id":3303,"href":"https:\/\/iescapayanch-cat.infd.edu.ar\/sitio\/wp-json\/wp\/v2\/pages\/3265\/revisions\/3303"}],"wp:attachment":[{"href":"https:\/\/iescapayanch-cat.infd.edu.ar\/sitio\/wp-json\/wp\/v2\/media?parent=3265"}],"curies":[{"name":"wp","href":"https:\/\/api.w.org\/{rel}","templated":true}]}}