{"id":1796,"date":"2019-04-18T14:35:07","date_gmt":"2019-04-18T17:35:07","guid":{"rendered":"https:\/\/iescapayanch-cat.infd.edu.ar\/sitio\/?page_id=1796"},"modified":"2019-04-22T22:31:36","modified_gmt":"2019-04-23T01:31:36","slug":"resultados-finales-2do-llamado-a-concurso-docente","status":"publish","type":"page","link":"https:\/\/iescapayanch-cat.infd.edu.ar\/sitio\/resultados-finales-2do-llamado-a-concurso-docente\/","title":{"rendered":"Resultados Finales 2do. llamado a concurso docente"},"content":{"rendered":"<p>Profesorado de Ingl\u00e9s<\/p>\n<p><a href=\"https:\/\/iescapayanch-cat.infd.edu.ar\/sitio\/wp-content\/uploads\/2019\/04\/WhatsApp-Image-2019-04-22-at-7.45.40-PM-e1555982913537.jpeg\" target=\"_blank\" rel=\"noopener\">Gram\u00e1tica Inglesa I<\/a><\/p>\n<p><a href=\"https:\/\/iescapayanch-cat.infd.edu.ar\/sitio\/wp-content\/uploads\/2019\/04\/WhatsApp-Image-2019-04-22-at-7.45.28-PM-e1555982984618.jpeg\" target=\"_blank\" rel=\"noopener\">Gram\u00e1tica Inglesa II<\/a><\/p>\n<p>&nbsp;<\/p>\n<p>Profesorado de Teatro<\/p>\n<p><a href=\"https:\/\/iescapayanch-cat.infd.edu.ar\/sitio\/wp-content\/uploads\/2019\/04\/WhatsApp-Image-2019-04-18-at-8.37.00-AM-e1555607830972.jpeg\" target=\"_blank\" rel=\"noopener\">Formaci\u00f3n Corporal II (Con eje en la Danza, las t\u00e9cnicas)<\/a><\/p>\n<p><a href=\"https:\/\/iescapayanch-cat.infd.edu.ar\/sitio\/wp-content\/uploads\/2019\/04\/WhatsApp-Image-2019-04-18-at-8.36.46-AM-e1555608110898.jpeg\" target=\"_blank\" rel=\"noopener\">Formaci\u00f3n Corporal I<\/a><\/p>\n<p><a href=\"https:\/\/iescapayanch-cat.infd.edu.ar\/sitio\/wp-content\/uploads\/2019\/04\/WhatsApp-Image-2019-04-18-at-8.36.30-AM-e1555608154253.jpeg\" target=\"_blank\" rel=\"noopener\">Formaci\u00f3n Corporal III (Con eje en los g\u00e9neros y estilos teatrales)<\/a><\/p>\n<p>&nbsp;<\/p>\n<p>Profesorado de M\u00fasica<\/p>\n<p><a href=\"https:\/\/iescapayanch-cat.infd.edu.ar\/sitio\/wp-content\/uploads\/2019\/04\/WhatsApp-Image-2019-04-18-at-8.36.11-AM-e1555608271569.jpeg\" target=\"_blank\" rel=\"noopener\">Instrumento Complementario Viento<\/a><\/p>\n<p><a href=\"https:\/\/iescapayanch-cat.infd.edu.ar\/sitio\/wp-content\/uploads\/2019\/04\/WhatsApp-Image-2019-04-18-at-8.35.58-AM-e1555608390220.jpeg\" target=\"_blank\" rel=\"noopener\">Instrumento Complementario I- Cuerdas<\/a><\/p>\n<p><a href=\"https:\/\/iescapayanch-cat.infd.edu.ar\/sitio\/wp-content\/uploads\/2019\/04\/WhatsApp-Image-2019-04-18-at-8.35.46-AM-e1555608453100.jpeg\" target=\"_blank\" rel=\"noopener\">Instrumento Principal I &#8211; Cuerdas<\/a><\/p>\n<p><a href=\"https:\/\/iescapayanch-cat.infd.edu.ar\/sitio\/wp-content\/uploads\/2019\/04\/WhatsApp-Image-2019-04-18-at-8.35.13-AM-e1555608522875.jpeg\" target=\"_blank\" rel=\"noopener\">Instrumento Complementario I- Piano<\/a><\/p>\n<p><a href=\"https:\/\/iescapayanch-cat.infd.edu.ar\/sitio\/wp-content\/uploads\/2019\/04\/WhatsApp-Image-2019-04-18-at-8.34.48-AM-e1555608590212.jpeg\" target=\"_blank\" rel=\"noopener\">Instrumento Principal I. Viento<\/a><\/p>\n<p>&nbsp;<\/p>\n<p>Profesorado de Danza<\/p>\n<p><a href=\"https:\/\/iescapayanch-cat.infd.edu.ar\/sitio\/wp-content\/uploads\/2019\/04\/WhatsApp-Image-2019-04-17-at-7.26.24-PM-e1555608750670.jpeg\" target=\"_blank\" rel=\"noopener\">Did\u00e1ctica General<\/a><\/p>\n<p>&nbsp;<\/p>\n<p>Profesorado de Ingl\u00e9s<\/p>\n<p><a href=\"https:\/\/iescapayanch-cat.infd.edu.ar\/sitio\/wp-content\/uploads\/2019\/04\/WhatsApp-Image-2019-04-17-at-7.26.07-PM-e1555608804466.jpeg\" target=\"_blank\" rel=\"noopener\">Sujeto de la Educaci\u00f3n II -Nivel Secundario y Modalidades<\/a><\/p>\n","protected":false},"excerpt":{"rendered":"<p>Profesorado de Ingl\u00e9s Gram\u00e1tica Inglesa I Gram\u00e1tica Inglesa II &nbsp; Profesorado de Teatro Formaci\u00f3n Corporal II (Con eje en la Danza, las t\u00e9cnicas) Formaci\u00f3n Corporal I Formaci\u00f3n Corporal III (Con eje en los g\u00e9neros y estilos teatrales) &nbsp; Profesorado de M\u00fasica Instrumento Complementario Viento Instrumento Complementario I- Cuerdas Instrumento Principal I &#8211; Cuerdas Instrumento Complementario &#8230; <a title=\"Resultados Finales 2do. llamado a concurso docente\" class=\"read-more\" href=\"https:\/\/iescapayanch-cat.infd.edu.ar\/sitio\/resultados-finales-2do-llamado-a-concurso-docente\/\" aria-label=\"More on Resultados Finales 2do. llamado a concurso docente\">[+]<\/a><\/p>\n","protected":false},"author":16,"featured_media":0,"parent":0,"menu_order":0,"comment_status":"closed","ping_status":"closed","template":"","meta":[],"acf":[],"_links":{"self":[{"href":"https:\/\/iescapayanch-cat.infd.edu.ar\/sitio\/wp-json\/wp\/v2\/pages\/1796"}],"collection":[{"href":"https:\/\/iescapayanch-cat.infd.edu.ar\/sitio\/wp-json\/wp\/v2\/pages"}],"about":[{"href":"https:\/\/iescapayanch-cat.infd.edu.ar\/sitio\/wp-json\/wp\/v2\/types\/page"}],"author":[{"embeddable":true,"href":"https:\/\/iescapayanch-cat.infd.edu.ar\/sitio\/wp-json\/wp\/v2\/users\/16"}],"replies":[{"embeddable":true,"href":"https:\/\/iescapayanch-cat.infd.edu.ar\/sitio\/wp-json\/wp\/v2\/comments?post=1796"}],"version-history":[{"count":3,"href":"https:\/\/iescapayanch-cat.infd.edu.ar\/sitio\/wp-json\/wp\/v2\/pages\/1796\/revisions"}],"predecessor-version":[{"id":1805,"href":"https:\/\/iescapayanch-cat.infd.edu.ar\/sitio\/wp-json\/wp\/v2\/pages\/1796\/revisions\/1805"}],"wp:attachment":[{"href":"https:\/\/iescapayanch-cat.infd.edu.ar\/sitio\/wp-json\/wp\/v2\/media?parent=1796"}],"curies":[{"name":"wp","href":"https:\/\/api.w.org\/{rel}","templated":true}]}}