{"id":1647,"date":"2019-03-15T19:26:57","date_gmt":"2019-03-15T22:26:57","guid":{"rendered":"https:\/\/iescapayanch-cat.infd.edu.ar\/sitio\/?page_id=1647"},"modified":"2019-03-21T15:36:17","modified_gmt":"2019-03-21T18:36:17","slug":"1647-2","status":"publish","type":"page","link":"https:\/\/iescapayanch-cat.infd.edu.ar\/sitio\/1647-2\/","title":{"rendered":"1\u00b0Concurso Docente 2019"},"content":{"rendered":"<p><strong>Resultados de Proyecto de trabajo y antecedentes<\/strong><\/p>\n<h4><strong>Profesorado de M\u00fasica<\/strong><\/h4>\n<p><a href=\"https:\/\/iescapayanch-cat.infd.edu.ar\/sitio\/wp-content\/uploads\/2019\/03\/WhatsApp-Image-2019-03-19-at-11.50.27-AM-e1553024056434.jpeg\" target=\"_blank\" rel=\"noopener\">Escuela y Comunidad<\/a><\/p>\n<p><a href=\"https:\/\/iescapayanch-cat.infd.edu.ar\/sitio\/wp-content\/uploads\/2019\/03\/WhatsApp-Image-2019-03-19-at-11.50.26-AM.jpeg\" target=\"_blank\" rel=\"noopener\">Pedagog\u00eda\u00a0<\/a><\/p>\n<p><a href=\"https:\/\/iescapayanch-cat.infd.edu.ar\/sitio\/wp-content\/uploads\/2019\/03\/WhatsApp-Image-2019-03-19-at-11.50.26-AM-1-e1553024197924.jpeg\" target=\"_blank\" rel=\"noopener\">Formaci\u00f3n Vocal y Canto<\/a><\/p>\n<p><a href=\"https:\/\/iescapayanch-cat.infd.edu.ar\/sitio\/wp-content\/uploads\/2019\/03\/WhatsApp-Image-2019-03-19-at-8.37.51-AM-e1553024306964.jpeg\" target=\"_blank\" rel=\"noopener\">Instrumento Complementario I Guitarra<\/a><\/p>\n<p><a href=\"https:\/\/iescapayanch-cat.infd.edu.ar\/sitio\/wp-content\/uploads\/2019\/03\/WhatsApp-Image-2019-03-19-at-8.37.51-AM-1-e1553024674678.jpeg\" target=\"_blank\" rel=\"noopener\">Instrumento Principal I Vientos<\/a><\/p>\n<p><a href=\"https:\/\/iescapayanch-cat.infd.edu.ar\/sitio\/wp-content\/uploads\/2019\/03\/WhatsApp-Image-2019-03-19-at-8.37.50-AM-e1553024762405.jpeg\" target=\"_blank\" rel=\"noopener\">Instrumento Principal I Guitarra<\/a><\/p>\n<p><a href=\"https:\/\/iescapayanch-cat.infd.edu.ar\/sitio\/wp-content\/uploads\/2019\/03\/WhatsApp-Image-2019-03-19-at-8.37.50-AM-1-e1553024835243.jpeg\" target=\"_blank\" rel=\"noopener\">Instrumento Principal I Piano<\/a><\/p>\n<p><a href=\"https:\/\/iescapayanch-cat.infd.edu.ar\/sitio\/wp-content\/uploads\/2019\/03\/WhatsApp-Image-2019-03-19-at-8.37.48-AM-e1553024894588.jpeg\" target=\"_blank\" rel=\"noopener\">Instrumento Complementario I Vientos<\/a><\/p>\n<p><a href=\"https:\/\/iescapayanch-cat.infd.edu.ar\/sitio\/wp-content\/uploads\/2019\/03\/WhatsApp-Image-2019-03-19-at-8.37.04-AM.jpeg\" target=\"_blank\" rel=\"noopener\">Lenguaje Musical<\/a><\/p>\n<p><a href=\"https:\/\/iescapayanch-cat.infd.edu.ar\/sitio\/wp-content\/uploads\/2019\/03\/WhatsApp-Image-2019-03-19-at-8.37.03-AM.jpeg\" target=\"_blank\" rel=\"noopener\">Lenguaje Musical<\/a><\/p>\n<p><a href=\"https:\/\/iescapayanch-cat.infd.edu.ar\/sitio\/wp-content\/uploads\/2019\/03\/WhatsApp-Image-2019-03-21-at-9.48.26-AM.jpeg\" target=\"_blank\" rel=\"noopener\">Pr\u00e1cticas Instrumentales en Conjuntos Convencionales y no Convencionales<\/a><\/p>\n<p><a href=\"https:\/\/iescapayanch-cat.infd.edu.ar\/sitio\/wp-content\/uploads\/2019\/03\/WhatsApp-Image-2019-03-21-at-1.12.59-PM.jpeg\" target=\"_blank\" rel=\"noopener\">M\u00fasica y Contexto I<\/a><\/p>\n<p><a href=\"https:\/\/iescapayanch-cat.infd.edu.ar\/sitio\/wp-content\/uploads\/2019\/03\/WhatsApp-Image-2019-03-21-at-1.12.59-PM-1.jpeg\" target=\"_blank\" rel=\"noopener\">M\u00fasica y Contexto I<\/a><\/p>\n<p>&nbsp;<\/p>\n<h4><strong>Tecnicatura Superior en Administraci\u00f3n Publica, Orientada al Desarrollo Local<\/strong><\/h4>\n<p><a href=\"https:\/\/iescapayanch-cat.infd.edu.ar\/sitio\/wp-content\/uploads\/2019\/03\/WhatsApp-Image-2019-03-19-at-8.36.41-AM-e1553025095363.jpeg\" target=\"_blank\" rel=\"noopener\">Introducci\u00f3n al Derecho y Derecho Administrativo<\/a><\/p>\n<p><a href=\"https:\/\/iescapayanch-cat.infd.edu.ar\/sitio\/wp-content\/uploads\/2019\/03\/WhatsApp-Image-2019-03-19-at-8.36.41-AM-1-e1553025249686.jpeg\" target=\"_blank\" rel=\"noopener\">Estructura y Funcionamiento de Los Organismos del Estado<\/a><\/p>\n<p><a href=\"https:\/\/iescapayanch-cat.infd.edu.ar\/sitio\/wp-content\/uploads\/2019\/03\/WhatsApp-Image-2019-03-19-at-8.36.40-AM-e1553025397698.jpeg\" target=\"_blank\" rel=\"noopener\">Taller de Gesti\u00f3n Publica y Desarrollo de Programas y Proyectos I<\/a><\/p>\n<p><a href=\"https:\/\/iescapayanch-cat.infd.edu.ar\/sitio\/wp-content\/uploads\/2019\/03\/WhatsApp-Image-2019-03-19-at-9.47.41-PM-e1553050874353.jpeg\" target=\"_blank\" rel=\"noopener\">Liderazgo y Din\u00e1mica Grupal<\/a><\/p>\n<p><a href=\"https:\/\/iescapayanch-cat.infd.edu.ar\/sitio\/wp-content\/uploads\/2019\/03\/WhatsApp-Image-2019-03-19-at-9.47.41-PM-2.jpeg\" target=\"_blank\" rel=\"noopener\">Administraci\u00f3n P\u00fablica II<\/a><\/p>\n<p><a href=\"https:\/\/iescapayanch-cat.infd.edu.ar\/sitio\/wp-content\/uploads\/2019\/03\/WhatsApp-Image-2019-03-19-at-9.47.41-PM-1.jpeg\" target=\"_blank\" rel=\"noopener\">Contabilidad P\u00fablica<\/a><\/p>\n<p>&nbsp;<\/p>\n<p><strong><u>Profesorado de Ingles<\/u><\/strong><\/p>\n<p><a href=\"https:\/\/iescapayanch-cat.infd.edu.ar\/sitio\/wp-content\/uploads\/2019\/03\/WhatsApp-Image-2019-03-15-at-5.20.39-PM-e1552688711722.jpeg\" target=\"_blank\" rel=\"noopener\">LENGUA INGLESA \u00a0II<\/a><\/p>\n<p><a href=\"https:\/\/iescapayanch-cat.infd.edu.ar\/sitio\/wp-content\/uploads\/2019\/03\/WhatsApp-Image-2019-03-15-at-11.40.41-PM-e1552708298455.jpeg\" target=\"_blank\" rel=\"noopener\">GRAM\u00c1TICA INGLESA I<\/a><\/p>\n<p>&nbsp;<\/p>\n<p><strong><u>Profesorado de Teatro<\/u><\/strong><\/p>\n<p><a href=\"https:\/\/iescapayanch-cat.infd.edu.ar\/sitio\/wp-content\/uploads\/2019\/03\/WhatsApp-Image-2019-03-15-at-5.20.59-PM-1-e1552688591979.jpeg\" target=\"_blank\" rel=\"noopener\">Dramaturgia y An\u00e1lisis del Texto Teatral<\/a><\/p>\n<p><a href=\"https:\/\/iescapayanch-cat.infd.edu.ar\/sitio\/wp-content\/uploads\/2019\/03\/WhatsApp-Image-2019-03-15-at-5.20.59-PM-e1552688407695.jpeg\" target=\"_blank\" rel=\"noopener\">Teor\u00edas Teatrales (con eje en Filosof\u00eda y est\u00e9tica del Teatro)<\/a><\/p>\n<p>&nbsp;<\/p>\n<p><strong>Profesorado de Danzas<\/strong><\/p>\n<p><a href=\"https:\/\/iescapayanch-cat.infd.edu.ar\/sitio\/wp-content\/uploads\/2019\/03\/WhatsApp-Image-2019-03-16-at-9.14.32-AM-e1552747962883.jpeg\" target=\"_blank\" rel=\"noopener\">Tecnolog\u00eda de la Informaci\u00f3n y Comunicaci\u00f3n<\/a><\/p>\n<p><a href=\"https:\/\/iescapayanch-cat.infd.edu.ar\/sitio\/wp-content\/uploads\/2019\/03\/WhatsApp-Image-2019-03-16-at-9.14.19-AM-e1552748084222.jpeg\" target=\"_blank\" rel=\"noopener\">Practica Docente y Residencia<\/a><\/p>\n<p><a href=\"https:\/\/iescapayanch-cat.infd.edu.ar\/sitio\/wp-content\/uploads\/2019\/03\/WhatsApp-Image-2019-03-16-at-9.14.02-AM-e1552748194228.jpeg\" target=\"_blank\" rel=\"noopener\">Historia Social y Cultural de las Artes del Movimiento II\u00a0<\/a><\/p>\n<p><a href=\"https:\/\/iescapayanch-cat.infd.edu.ar\/sitio\/wp-content\/uploads\/2019\/03\/WhatsApp-Image-2019-03-16-at-9.13.52-AM-e1552748363945.jpeg\" target=\"_blank\" rel=\"noopener\">Intervenci\u00f3n Comunitaria en Danza seg\u00fan Modalidades y Sujetos<\/a><\/p>\n<p><a href=\"https:\/\/iescapayanch-cat.infd.edu.ar\/sitio\/wp-content\/uploads\/2019\/03\/WhatsApp-Image-2019-03-16-at-9.13.39-AM-e1552748521495.jpeg\" target=\"_blank\" rel=\"noopener\">Ense\u00f1anza de la Danza a Sujetos con Necesidades Educativas Especiales<\/a><\/p>\n<p><a href=\"https:\/\/iescapayanch-cat.infd.edu.ar\/sitio\/wp-content\/uploads\/2019\/03\/WhatsApp-Image-2019-03-16-at-9.13.29-AM-e1552748658904.jpeg\" target=\"_blank\" rel=\"noopener\">Montaje y Producci\u00f3n del Espect\u00e1culo<\/a><\/p>\n<p><a href=\"https:\/\/iescapayanch-cat.infd.edu.ar\/sitio\/wp-content\/uploads\/2019\/03\/WhatsApp-Image-2019-03-16-at-9.13.18-AM-e1552748752636.jpeg\" target=\"_blank\" rel=\"noopener\">E.D.I (Danza con eje en el Lenguaje)<\/a><\/p>\n<p><a href=\"https:\/\/iescapayanch-cat.infd.edu.ar\/sitio\/wp-content\/uploads\/2019\/03\/WhatsApp-Image-2019-03-16-at-9.13.04-AM-e1552748840284.jpeg\" target=\"_blank\" rel=\"noopener\">Direcci\u00f3n y Composici\u00f3n Coreogr\u00e1fica en Danza<\/a><\/p>\n<p><a href=\"https:\/\/iescapayanch-cat.infd.edu.ar\/sitio\/wp-content\/uploads\/2019\/03\/WhatsApp-Image-2019-03-16-at-9.12.46-AM-e1552749017908.jpeg\" target=\"_blank\" rel=\"noopener\">Investigaci\u00f3n Educativa en Artes del Movimiento<\/a><\/p>\n<p><a href=\"https:\/\/iescapayanch-cat.infd.edu.ar\/sitio\/wp-content\/uploads\/2019\/03\/WhatsApp-Image-2019-03-16-at-9.22.26-PM-e1552783580473.jpeg\" target=\"_blank\" rel=\"noopener\">Practica Docente y Residencia (especifico)\u00a0<\/a><\/p>\n","protected":false},"excerpt":{"rendered":"<p>Resultados de Proyecto de trabajo y antecedentes Profesorado de M\u00fasica Escuela y Comunidad Pedagog\u00eda\u00a0 Formaci\u00f3n Vocal y Canto Instrumento Complementario I Guitarra Instrumento Principal I Vientos Instrumento Principal I Guitarra Instrumento Principal I Piano Instrumento Complementario I Vientos Lenguaje Musical Lenguaje Musical Pr\u00e1cticas Instrumentales en Conjuntos Convencionales y no Convencionales M\u00fasica y Contexto I M\u00fasica &#8230; <a title=\"1\u00b0Concurso Docente 2019\" class=\"read-more\" href=\"https:\/\/iescapayanch-cat.infd.edu.ar\/sitio\/1647-2\/\" aria-label=\"More on 1\u00b0Concurso Docente 2019\">[+]<\/a><\/p>\n","protected":false},"author":16,"featured_media":0,"parent":0,"menu_order":0,"comment_status":"closed","ping_status":"closed","template":"","meta":[],"acf":[],"_links":{"self":[{"href":"https:\/\/iescapayanch-cat.infd.edu.ar\/sitio\/wp-json\/wp\/v2\/pages\/1647"}],"collection":[{"href":"https:\/\/iescapayanch-cat.infd.edu.ar\/sitio\/wp-json\/wp\/v2\/pages"}],"about":[{"href":"https:\/\/iescapayanch-cat.infd.edu.ar\/sitio\/wp-json\/wp\/v2\/types\/page"}],"author":[{"embeddable":true,"href":"https:\/\/iescapayanch-cat.infd.edu.ar\/sitio\/wp-json\/wp\/v2\/users\/16"}],"replies":[{"embeddable":true,"href":"https:\/\/iescapayanch-cat.infd.edu.ar\/sitio\/wp-json\/wp\/v2\/comments?post=1647"}],"version-history":[{"count":16,"href":"https:\/\/iescapayanch-cat.infd.edu.ar\/sitio\/wp-json\/wp\/v2\/pages\/1647\/revisions"}],"predecessor-version":[{"id":1719,"href":"https:\/\/iescapayanch-cat.infd.edu.ar\/sitio\/wp-json\/wp\/v2\/pages\/1647\/revisions\/1719"}],"wp:attachment":[{"href":"https:\/\/iescapayanch-cat.infd.edu.ar\/sitio\/wp-json\/wp\/v2\/media?parent=1647"}],"curies":[{"name":"wp","href":"https:\/\/api.w.org\/{rel}","templated":true}]}}